{"id":1917,"date":"2021-04-27T16:12:37","date_gmt":"2021-04-27T14:12:37","guid":{"rendered":"https:\/\/makanet24.pl\/?post_type=product&#038;p=1917"},"modified":"2021-05-04T17:48:20","modified_gmt":"2021-05-04T15:48:20","slug":"blackberry-optics","status":"publish","type":"product","link":"https:\/\/makanet24.pl\/index.php\/produkt\/blackberry-optics\/","title":{"rendered":"EDR &#8211; BLACKBERRY OPTICS"},"content":{"rendered":"<p>BlackBerry Optics jest rozwi\u0105zaniem klasy EDR (Endpoint Detection and Response) stworzonym, by rozszerzy\u0107 ochron\u0119 przed zagro\u017ceniami realizowan\u0105 przez BlackBerry Protect poprzez wykorzystanie AI do identyfikacji i zapobiegania powszechnym incydentom bezpiecze\u0144stwa.<\/p>\n<p>Produkty s\u0142u\u017c\u0105ce prewencji bazuj\u0105ce na sygnaturach nie s\u0105 w stanie zapewni\u0107 bezpiecze\u0144stwa w czasach, gdzie metody ataku zmieniaj\u0105 si\u0119 niezwykle szybko. Ponadto zespo\u0142y bezpiecze\u0144stwa by\u0142y dotychczas obarczone \u017cmudnym szukaniem rzeczywistych zagro\u017ce\u0144 w\u015br\u00f3d nieko\u0144cz\u0105cych si\u0119 alarm\u00f3w. W takiej sytuacji odszukanie krytycznych incydent\u00f3w bezpiecze\u0144stwa jest niemal niemo\u017cliwe i pozostawia atakuj\u0105cym otwarte drzwi do naszej organizacji.<\/p>\n<p>Tylko odpowiedni zestaw rozwi\u0105za\u0144 mo\u017ce znacz\u0105co ograniczy\u0107 liczb\u0119 alert\u00f3w generowanych z system\u00f3w bezpiecze\u0144stwa, obni\u017caj\u0105c frustracj\u0119 i obci\u0105\u017cenie dzia\u0142\u00f3w IT z nieko\u0144cz\u0105cych si\u0119 alarm\u00f3w prowadz\u0105cych donik\u0105d.<\/p>\n<p>Jest to mo\u017cliwe z BlackBerry Protect, kt\u00f3ry skutecznie zapobiega malware, niebezpiecznym skryptom, aplikacjom i atakom bez plikowym, a BlackBerry Optics przy wsparciu AI zapewnia funkcje EDR wymagane do zapewnienia bezpiecze\u0144stwa danych organizacji.<\/p>\n<p>Przyk\u0142ady zastosowania systemu EDR.<\/p>\n<p><strong>Zapobieganie szkodliwej aktywno\u015bci: <\/strong><\/p>\n<p>BlackBerry Protect, kt\u00f3ry jest fundamentem dla BlackBerry Optics jest stworzony do skutecznego zapobiegania atakom na endpointach. Wykorzystuje do tego celu:<br \/>\n\u2022 Identyfikacj\u0119 i blokowanie szkodliwych plik\u00f3w wykonywalnych przy wykorzystaniu AI,<br \/>\n\u2022 Kontrol\u0119 skrypt\u00f3w pod k\u0105tem tego, jakie skrypty, gdzie i jak s\u0105 uruchamiane,<br \/>\n\u2022 Zarz\u0105dzanie USB poprzez blokowanie nieautoryzowanych urz\u0105dze\u0144,<br \/>\n\u2022 Eliminuje mo\u017cliwo\u015b\u0107 u\u017cycia przez atakuj\u0105cych zagro\u017ce\u0144 bez plikowych<br \/>\n\u2022 Zapobiega uruchamianiu szkodliwych za\u0142\u0105cznik\u00f3w pochodz\u0105cych z poczty e-mail, blokuj\u0105c ich payloady.<\/p>\n<p><strong>Analiza ataku i alarm\u00f3w: <\/strong><\/p>\n<ul>\n<li>U\u017cytkownicy mog\u0105 przeanalizowa\u0107 alarmy pochodz\u0105ce z r\u00f3\u017cnych czujek bezpiecze\u0144stwa w tym z BlackBerry Protect,<br \/>\nza pomoc\u0105 \u0142atwych w zrozumieniu wizualizacji dotycz\u0105cych alarmu, uzyskuj\u0105c cenne informacje z endpointa.<\/li>\n<\/ul>\n<p><strong>Polowanie na zagro\u017cenia w ca\u0142ej organizacji:<\/strong><\/p>\n<ul>\n<li>U\u017cytkownicy mog\u0105 szybko wyszuka\u0107 pliki, sumy kontrolne i inne elementy IOC w ca\u0142ej organizacji, w celu wychwycenia ukrytych zagro\u017ce\u0144.<\/li>\n<\/ul>\n<p><strong>Wykrywanie zagro\u017ce\u0144 od strony endpointa:<\/strong><\/p>\n<ul>\n<li>Podejrzane zachowanie oraz inne wska\u017aniki sugeruj\u0105ce niebezpieczn\u0105 aktywno\u015b\u0107 zostan\u0105 automatycznie ujawnione.<\/li>\n<\/ul>\n<p><strong> Szybka i zautomatyzowana reakcja na incydenty:<\/strong><\/p>\n<ul>\n<li>U\u017cytkownicy mog\u0105 otrzymywa\u0107 automatycznie informacje krytyczne z nara\u017conych endpoint\u00f3w, a tak\u017ce reakcje na incydenty mog\u0105 si\u0119 w spos\u00f3b w pe\u0142ni zautomatyzowany.<\/li>\n<\/ul>\n<p><strong>Wykorzystuj\u0105c AI Berry Optics zapewnia:<\/strong><\/p>\n<p>\u2022 Wspomagane sztuczn\u0105 inteligencj\u0105 zapobieganie incydentom<br \/>\n\u2022 Sterowane kontekstowo wykrywanie zagro\u017ce\u0144<br \/>\n\u2022 Wskazuje przyczyny i \u017ar\u00f3d\u0142a incydent\u00f3w<br \/>\n\u2022 Identyfikacj\u0119 zagro\u017ce\u0144 przy wykorzystaniu uczenia maszynowego<br \/>\n\u2022 Inteligentny \u201eThreathunting\u201d<br \/>\n\u2022 Automatyczne \u015bledztwo na podstawie informacji uzyskanych z endpoint\u00f3w<br \/>\n\u2022 Dynamiczne reakcje na incydenty<\/p>\n<p><strong>Korzy\u015bci:<\/strong><\/p>\n<p>\u2022 Szybki czas reakcji i zredukowanie skutk\u00f3w potencjalnych narusze\u0144 bezpiecze\u0144stwa<br \/>\n\u2022 Sp\u00f3jne poziomy ochrony, niezale\u017cne od wiedzy i do\u015bwiadczenia zespo\u0142u bezpiecze\u0144stwa,<br \/>\n\u2022 Oszcz\u0119dno\u015b\u0107 czasu i pieni\u0119dzy zwi\u0105zanych z konieczno\u015bci\u0105 przywracania \u015brodowiska po udanym ataku<\/p>\n","protected":false},"excerpt":{"rendered":"<p>&nbsp;<\/p>\n<p><a href=\"https:\/\/makanet24.pl\/wp-content\/uploads\/2021\/04\/blackberry-protect-1.png\"><img loading=\"lazy\" class=\"alignnone size-medium wp-image-1956\" src=\"https:\/\/makanet24.pl\/wp-content\/uploads\/2021\/04\/blackberry-protect-1-medium.png\" alt=\"\" width=\"300\" height=\"127\" srcset=\"https:\/\/makanet24.pl\/wp-content\/uploads\/2021\/04\/blackberry-protect-1-medium.png 300w, https:\/\/makanet24.pl\/wp-content\/uploads\/2021\/04\/blackberry-protect-1.png 717w\" sizes=\"(max-width: 300px) 100vw, 300px\" \/><\/a><\/p>\n<p>BlackBerry Optics jest rozwi\u0105zaniem klasy EDR (Endpoint Detection and Response) stworzonym, by rozszerzy\u0107 ochron\u0119 przed zagro\u017ceniami realizowan\u0105 przez BlackBerry Protect poprzez wykorzystanie AI do identyfikacji i zapobiegania powszechnym incydentom bezpiecze\u0144stwa.<\/p>\n<p>BlackBerry Optics przy wsp\u00f3\u0142pracy z BlackBerry Protect dostarcza mechanizmy detekcji i prewencji zapewniaj\u0105ce bezpiecze\u0144stwo organizacji.<\/p>\n<p>Zapisz si\u0119 na bezp\u0142atne <a href=\"https:\/\/www.vida.pl\/spotkanie-z-blackberry\/?utm_source=makanet\"><strong>webinarium<\/strong><\/a> i dowiedz si\u0119 wi\u0119cej o rozwi\u0105zaniach <a href=\"https:\/\/www.vida.pl\/spotkanie-z-blackberry\/?utm_source=makanet\"><strong>BlackBerry<\/strong><\/a>.<\/p>\n","protected":false},"featured_media":2043,"comment_status":"open","ping_status":"closed","template":"","meta":[],"yoast_head":"<!-- This site is optimized with the Yoast SEO plugin v16.2 - https:\/\/yoast.com\/wordpress\/plugins\/seo\/ -->\n<title>EDR - BLACKBERRY OPTICS - Makanet24<\/title>\n<meta name=\"robots\" content=\"index, follow, max-snippet:-1, max-image-preview:large, max-video-preview:-1\" \/>\n<link rel=\"canonical\" href=\"https:\/\/makanet24.pl\/index.php\/produkt\/blackberry-optics\/\" \/>\n<meta property=\"og:locale\" content=\"pl_PL\" \/>\n<meta property=\"og:type\" content=\"article\" \/>\n<meta property=\"og:title\" content=\"EDR - BLACKBERRY OPTICS - Makanet24\" \/>\n<meta property=\"og:description\" content=\"&nbsp;    BlackBerry Optics jest rozwi\u0105zaniem klasy EDR (Endpoint Detection and Response) stworzonym, by rozszerzy\u0107 ochron\u0119 przed zagro\u017ceniami realizowan\u0105 przez BlackBerry Protect poprzez wykorzystanie AI do identyfikacji i zapobiegania powszechnym incydentom bezpiecze\u0144stwa.  BlackBerry Optics przy wsp\u00f3\u0142pracy z BlackBerry Protect dostarcza mechanizmy detekcji i prewencji zapewniaj\u0105ce bezpiecze\u0144stwo organizacji.  Zapisz si\u0119 na bezp\u0142atne webinarium i dowiedz si\u0119 wi\u0119cej o rozwi\u0105zaniach BlackBerry.\" \/>\n<meta property=\"og:url\" content=\"https:\/\/makanet24.pl\/index.php\/produkt\/blackberry-optics\/\" \/>\n<meta property=\"og:site_name\" content=\"Makanet24\" \/>\n<meta property=\"article:modified_time\" content=\"2021-05-04T15:48:20+00:00\" \/>\n<meta property=\"og:image\" content=\"https:\/\/makanet24.pl\/wp-content\/uploads\/2021\/04\/BB-optics.png\" \/>\n\t<meta property=\"og:image:width\" content=\"375\" \/>\n\t<meta property=\"og:image:height\" content=\"375\" \/>\n<meta name=\"twitter:card\" content=\"summary_large_image\" \/>\n<meta name=\"twitter:label1\" content=\"Szacowany czas czytania\">\n\t<meta name=\"twitter:data1\" content=\"2 minuty\">\n<script type=\"application\/ld+json\" class=\"yoast-schema-graph\">{\"@context\":\"https:\/\/schema.org\",\"@graph\":[{\"@type\":\"WebSite\",\"@id\":\"https:\/\/makanet24.pl\/#website\",\"url\":\"https:\/\/makanet24.pl\/\",\"name\":\"Makanet24\",\"description\":\"Sklep internetowy z produktami IT\",\"potentialAction\":[{\"@type\":\"SearchAction\",\"target\":\"https:\/\/makanet24.pl\/?s={search_term_string}\",\"query-input\":\"required name=search_term_string\"}],\"inLanguage\":\"pl-PL\"},{\"@type\":\"ImageObject\",\"@id\":\"https:\/\/makanet24.pl\/index.php\/produkt\/blackberry-optics\/#primaryimage\",\"inLanguage\":\"pl-PL\",\"url\":\"https:\/\/makanet24.pl\/wp-content\/uploads\/2021\/04\/BB-optics.png\",\"contentUrl\":\"https:\/\/makanet24.pl\/wp-content\/uploads\/2021\/04\/BB-optics.png\",\"width\":375,\"height\":375},{\"@type\":\"WebPage\",\"@id\":\"https:\/\/makanet24.pl\/index.php\/produkt\/blackberry-optics\/#webpage\",\"url\":\"https:\/\/makanet24.pl\/index.php\/produkt\/blackberry-optics\/\",\"name\":\"EDR - BLACKBERRY OPTICS - Makanet24\",\"isPartOf\":{\"@id\":\"https:\/\/makanet24.pl\/#website\"},\"primaryImageOfPage\":{\"@id\":\"https:\/\/makanet24.pl\/index.php\/produkt\/blackberry-optics\/#primaryimage\"},\"datePublished\":\"2021-04-27T14:12:37+00:00\",\"dateModified\":\"2021-05-04T15:48:20+00:00\",\"breadcrumb\":{\"@id\":\"https:\/\/makanet24.pl\/index.php\/produkt\/blackberry-optics\/#breadcrumb\"},\"inLanguage\":\"pl-PL\",\"potentialAction\":[{\"@type\":\"ReadAction\",\"target\":[\"https:\/\/makanet24.pl\/index.php\/produkt\/blackberry-optics\/\"]}]},{\"@type\":\"BreadcrumbList\",\"@id\":\"https:\/\/makanet24.pl\/index.php\/produkt\/blackberry-optics\/#breadcrumb\",\"itemListElement\":[{\"@type\":\"ListItem\",\"position\":1,\"item\":{\"@type\":\"WebPage\",\"@id\":\"https:\/\/makanet24.pl\/\",\"url\":\"https:\/\/makanet24.pl\/\",\"name\":\"Strona g\\u0142\\u00f3wna\"}},{\"@type\":\"ListItem\",\"position\":2,\"item\":{\"@type\":\"WebPage\",\"@id\":\"https:\/\/makanet24.pl\/index.php\/sklep\/\",\"url\":\"https:\/\/makanet24.pl\/index.php\/sklep\/\",\"name\":\"Sklep\"}},{\"@type\":\"ListItem\",\"position\":3,\"item\":{\"@id\":\"https:\/\/makanet24.pl\/index.php\/produkt\/blackberry-optics\/#webpage\"}}]}]}<\/script>\n<!-- \/ Yoast SEO plugin. -->","_links":{"self":[{"href":"https:\/\/makanet24.pl\/index.php\/wp-json\/wp\/v2\/product\/1917"}],"collection":[{"href":"https:\/\/makanet24.pl\/index.php\/wp-json\/wp\/v2\/product"}],"about":[{"href":"https:\/\/makanet24.pl\/index.php\/wp-json\/wp\/v2\/types\/product"}],"replies":[{"embeddable":true,"href":"https:\/\/makanet24.pl\/index.php\/wp-json\/wp\/v2\/comments?post=1917"}],"wp:featuredmedia":[{"embeddable":true,"href":"https:\/\/makanet24.pl\/index.php\/wp-json\/wp\/v2\/media\/2043"}],"wp:attachment":[{"href":"https:\/\/makanet24.pl\/index.php\/wp-json\/wp\/v2\/media?parent=1917"}],"curies":[{"name":"wp","href":"https:\/\/api.w.org\/{rel}","templated":true}]}}