{"id":1883,"date":"2021-04-26T23:50:21","date_gmt":"2021-04-26T21:50:21","guid":{"rendered":"https:\/\/makanet24.pl\/?post_type=product&#038;p=1883"},"modified":"2021-05-18T09:36:59","modified_gmt":"2021-05-18T07:36:59","slug":"fortinet-fwf60f","status":"publish","type":"product","link":"https:\/\/makanet24.pl\/index.php\/produkt\/fortinet-fwf60f\/","title":{"rendered":"Fortinet FWF60F"},"content":{"rendered":"<div class=\"row show-grid\">\n<div class=\"col-xs-12 col-sm-6\">\n<div class=\"row text-justify\">\n<div class=\"col-xs-12\" style=\"text-align: left;\"><strong>Fortiwifi FG-60F\u00a0<\/strong>to zintegrowany system bezpiecze\u0144stwa dostarczaj\u0105cy funkcjonalno\u015bci: firewall, VPN, antywirus, IPS (ochrona przed atakami), filtrowanie tre\u015bci WWW, ochrona przed spamem, DLP (ochrona przed wyciekiem informacji poufnej), kontrola aplikacji, optymalizacja pasma,<\/div>\n<div class=\"col-xs-12\" style=\"text-align: left;\">kontroler sieci bezprzewodowych, mocne uwierzytelnianie.<\/div>\n<\/div>\n<div class=\"row text-justify\" style=\"text-align: left;\">\n<div class=\"col-xs-12\">Produkty\u00a0<strong>Fortigate-60F\u00a0<\/strong>bazuj\u0105 na dedykowanych uk\u0142adach sprz\u0119towych przyspieszaj\u0105cych proces filtrowania tre\u015bci oraz obs\u0142ugi ruchu. Platforma mo\u017ce by\u0107 implementowana zar\u00f3wno w trybie routera z NAT\u2019em jak i w transparentnym realizuj\u0105c wszystkie wymienione powy\u017cej funkcje bezpiecze\u0144stwa.<\/div>\n<\/div>\n<\/div>\n<\/div>\n<p class=\"text-justify\" style=\"text-align: left;\">Zaimplementowane mechanizmy wirtualizacji umo\u017cliwiaj\u0105 realizacj\u0119 w ramach jednej platformy sprz\u0119towej kilku system\u00f3w logicznych, gdzie ka\u017cdy posiada niezale\u017cn\u0105 konfiguracj\u0119 do warstwy aplikacji w\u0142\u0105cznie. Integracja z domen\u0105 pozwala realizowa\u0107 proces uwierzytelniania oraz kontroli dost\u0119pu w spos\u00f3b przezroczysty dla u\u017cytkownik\u00f3w sieci.<\/p>\n<p style=\"text-align: center;\"><span style=\"color: #000000;\"><strong>Zalety\u00a0<\/strong><strong>FortiGate-60F<\/strong><\/span><\/p>\n<ul style=\"text-align: left;\">\n<li style=\"text-align: center;\">Do 10Gbps przepustowo\u015bci firewalla oraz 750Mb\/s inspekcji SSL zapewniaja du\u017ca wydajno\u015b\u0107 i kr\u00f3tki czas odpowiedzi sieci<\/li>\n<li style=\"text-align: center;\">2 x WAN, 5 x LAN oraz 2 x FortiLink umo\u017cliwaj\u0105 efektywne egzekwowanie zasad bezpiecze\u0144stwa. Porty mog\u0105 w dowolnym momencie zmieni\u0107 swoje przeznaczenie np. z LAN na WAN<\/li>\n<li style=\"text-align: center;\">SD-WAN to nowy wymiar zarz\u0105dzania kilkoma \u0142\u0105czami WAN<\/li>\n<li style=\"text-align: center;\">Najbardziej kompleksowa i wydajna platforma bezpiecze\u0144stwa zapewniona przez FortiOS 6, jedyny system operacyjny na \u015bwiecie dedykowany bezpiecze\u0144stwu sieci oraz FortiASIC SOC4 &#8211; najnowszy z niestandardowych procesor\u00f3w Fortinet<\/li>\n<li style=\"text-align: center;\">FortiLink sprawia \u017ce pod\u0142\u0105czone urz\u0105dzenie FortiSwitch staje si\u0119 logicznym przed\u0142u\u017ceniem urz\u0105dzenia FortiGate<\/li>\n<\/ul>\n<p style=\"text-align: left;\">\n","protected":false},"excerpt":{"rendered":"<h6>UTM nowej generacji FortiGate model 60 z WiFi. Stanowi idealn\u0105 platform\u0119 dla ma\u0142ych i \u015brednich firm oraz rozproszonych przedsi\u0119biorstw.<\/h6>\n<p><strong><a href=\"https:\/\/makanet24.pl\/wp-content\/uploads\/2021\/03\/fortigate-60f-ulotka.pdf\">fortigate 60f ulotka<\/a><\/strong><\/p>\n","protected":false},"featured_media":1892,"comment_status":"open","ping_status":"closed","template":"","meta":[],"yoast_head":"<!-- This site is optimized with the Yoast SEO plugin v16.2 - https:\/\/yoast.com\/wordpress\/plugins\/seo\/ -->\n<title>Fortinet FWF60F - Makanet24<\/title>\n<meta name=\"robots\" content=\"index, follow, max-snippet:-1, max-image-preview:large, max-video-preview:-1\" \/>\n<link rel=\"canonical\" href=\"https:\/\/makanet24.pl\/index.php\/produkt\/fortinet-fwf60f\/\" \/>\n<meta property=\"og:locale\" content=\"pl_PL\" \/>\n<meta property=\"og:type\" content=\"article\" \/>\n<meta property=\"og:title\" content=\"Fortinet FWF60F - Makanet24\" \/>\n<meta property=\"og:description\" content=\"UTM nowej generacji FortiGate model 60 z WiFi. Stanowi idealn\u0105 platform\u0119 dla ma\u0142ych i \u015brednich firm oraz rozproszonych przedsi\u0119biorstw. fortigate 60f ulotka\" \/>\n<meta property=\"og:url\" content=\"https:\/\/makanet24.pl\/index.php\/produkt\/fortinet-fwf60f\/\" \/>\n<meta property=\"og:site_name\" content=\"Makanet24\" \/>\n<meta property=\"article:modified_time\" content=\"2021-05-18T07:36:59+00:00\" \/>\n<meta property=\"og:image\" content=\"https:\/\/makanet24.pl\/wp-content\/uploads\/2021\/04\/Fortinet-FWF60F-largev2.png\" \/>\n\t<meta property=\"og:image:width\" content=\"450\" \/>\n\t<meta property=\"og:image:height\" content=\"450\" \/>\n<meta name=\"twitter:card\" content=\"summary_large_image\" \/>\n<meta name=\"twitter:label1\" content=\"Szacowany czas czytania\">\n\t<meta name=\"twitter:data1\" content=\"1 minuta\">\n<script type=\"application\/ld+json\" class=\"yoast-schema-graph\">{\"@context\":\"https:\/\/schema.org\",\"@graph\":[{\"@type\":\"WebSite\",\"@id\":\"https:\/\/makanet24.pl\/#website\",\"url\":\"https:\/\/makanet24.pl\/\",\"name\":\"Makanet24\",\"description\":\"Sklep internetowy z produktami IT\",\"potentialAction\":[{\"@type\":\"SearchAction\",\"target\":\"https:\/\/makanet24.pl\/?s={search_term_string}\",\"query-input\":\"required name=search_term_string\"}],\"inLanguage\":\"pl-PL\"},{\"@type\":\"ImageObject\",\"@id\":\"https:\/\/makanet24.pl\/index.php\/produkt\/fortinet-fwf60f\/#primaryimage\",\"inLanguage\":\"pl-PL\",\"url\":\"https:\/\/makanet24.pl\/wp-content\/uploads\/2021\/04\/Fortinet-FWF60F-largev2.png\",\"contentUrl\":\"https:\/\/makanet24.pl\/wp-content\/uploads\/2021\/04\/Fortinet-FWF60F-largev2.png\",\"width\":450,\"height\":450},{\"@type\":\"WebPage\",\"@id\":\"https:\/\/makanet24.pl\/index.php\/produkt\/fortinet-fwf60f\/#webpage\",\"url\":\"https:\/\/makanet24.pl\/index.php\/produkt\/fortinet-fwf60f\/\",\"name\":\"Fortinet FWF60F - Makanet24\",\"isPartOf\":{\"@id\":\"https:\/\/makanet24.pl\/#website\"},\"primaryImageOfPage\":{\"@id\":\"https:\/\/makanet24.pl\/index.php\/produkt\/fortinet-fwf60f\/#primaryimage\"},\"datePublished\":\"2021-04-26T21:50:21+00:00\",\"dateModified\":\"2021-05-18T07:36:59+00:00\",\"breadcrumb\":{\"@id\":\"https:\/\/makanet24.pl\/index.php\/produkt\/fortinet-fwf60f\/#breadcrumb\"},\"inLanguage\":\"pl-PL\",\"potentialAction\":[{\"@type\":\"ReadAction\",\"target\":[\"https:\/\/makanet24.pl\/index.php\/produkt\/fortinet-fwf60f\/\"]}]},{\"@type\":\"BreadcrumbList\",\"@id\":\"https:\/\/makanet24.pl\/index.php\/produkt\/fortinet-fwf60f\/#breadcrumb\",\"itemListElement\":[{\"@type\":\"ListItem\",\"position\":1,\"item\":{\"@type\":\"WebPage\",\"@id\":\"https:\/\/makanet24.pl\/\",\"url\":\"https:\/\/makanet24.pl\/\",\"name\":\"Strona g\\u0142\\u00f3wna\"}},{\"@type\":\"ListItem\",\"position\":2,\"item\":{\"@type\":\"WebPage\",\"@id\":\"https:\/\/makanet24.pl\/index.php\/sklep\/\",\"url\":\"https:\/\/makanet24.pl\/index.php\/sklep\/\",\"name\":\"Sklep\"}},{\"@type\":\"ListItem\",\"position\":3,\"item\":{\"@id\":\"https:\/\/makanet24.pl\/index.php\/produkt\/fortinet-fwf60f\/#webpage\"}}]}]}<\/script>\n<!-- \/ Yoast SEO plugin. -->","_links":{"self":[{"href":"https:\/\/makanet24.pl\/index.php\/wp-json\/wp\/v2\/product\/1883"}],"collection":[{"href":"https:\/\/makanet24.pl\/index.php\/wp-json\/wp\/v2\/product"}],"about":[{"href":"https:\/\/makanet24.pl\/index.php\/wp-json\/wp\/v2\/types\/product"}],"replies":[{"embeddable":true,"href":"https:\/\/makanet24.pl\/index.php\/wp-json\/wp\/v2\/comments?post=1883"}],"wp:featuredmedia":[{"embeddable":true,"href":"https:\/\/makanet24.pl\/index.php\/wp-json\/wp\/v2\/media\/1892"}],"wp:attachment":[{"href":"https:\/\/makanet24.pl\/index.php\/wp-json\/wp\/v2\/media?parent=1883"}],"curies":[{"name":"wp","href":"https:\/\/api.w.org\/{rel}","templated":true}]}}