{"id":1839,"date":"2021-04-26T23:22:49","date_gmt":"2021-04-26T21:22:49","guid":{"rendered":"https:\/\/makanet24.pl\/?post_type=product&#038;p=1839"},"modified":"2021-05-13T12:24:56","modified_gmt":"2021-05-13T10:24:56","slug":"stormshield-sn6100","status":"publish","type":"product","link":"https:\/\/makanet24.pl\/index.php\/produkt\/stormshield-sn6100\/","title":{"rendered":"Stormshield SN6100"},"content":{"rendered":"<div class=\"page\" title=\"Page 1\">\n<div class=\"section\">\n<div class=\"layoutArea\">\n<div class=\"column\">\n<h3 class=\"feature\">Bardzo wysoka wydajno\u015b\u0107<\/h3>\n<p>Dzi\u0119ki przepustowo\u015bci 140 Gb\/s, urz\u0105dzenie Stormshield SN6100 spe\u0142nia wymagania infrastruktury sieciowej aktualnej i przysz\u0142ej. Wielowarstwowa architektura sprz\u0119towa zosta\u0142a zaprojektowana tak, aby korzysta\u0107 z najnowszych udoskonale\u0144 technologii oprogramowania i zapewnia\u0107 najlepsze jej osi\u0105gi.<\/p>\n<h3 class=\"feature\">Najwi\u0119cej port\u00f3w na rynku<\/h3>\n<p>Du\u017ca liczba port\u00f3w (do 58 port\u00f3w Ethernet) oraz \u015bwiat\u0142owody o wysokiej przepustowo\u015bci sprawiaj\u0105, \u017ce SN6100 nadaje si\u0119 nawet do najbardziej wymagaj\u0105cych zastosowa\u0144. Produkt oferuje niespotykany stopie\u0144 modularno\u015bci i zapewnia elastyczno\u015b\u0107 na potrzeby przysz\u0142ych zmian w infrastrukturze.<\/p>\n<h3 class=\"feature\">Nieprzerwane dzia\u0142anie urz\u0105dzenia<\/h3>\n<p>Urz\u0105dzenie SN6100 posiada niezb\u0119dne sk\u0142adniki sprz\u0119towe, takie jak dyski RAID, podw\u00f3jne zasilanie i wentylatory hot-swap aby zagwarantowa\u0107 ci\u0105g\u0142o\u015b\u0107 dzia\u0142ania.<\/p>\n<p>WYDAJNO\u015a\u0106*<br \/>\nPrzepustowo\u015b\u0107 Firewall (1518 bajt\u00f3w UDP) 170 Gbps<br \/>\nPrzepustowo\u015b\u0107 Firewall (IMIX**) 53.3 Gbps<br \/>\nPrzepustowo\u015b\u0107 IPS (1518 bajt\u00f3w UDP) 68Gbps<br \/>\nPrzepustowo\u015b\u0107 IPS (plik HTTP 1MB) 27 Gbps<br \/>\nPrzepustowo\u015b\u0107 Antywirus 12.5 Gbps<\/p>\n<p>VPN*<br \/>\nPrzepustowo\u015b\u0107 IPSec &#8211; AES GCM 20 Gbps<br \/>\nPrzepustowo\u015b\u0107 IPSec &#8211; AES256\/SHA2 12,3 Gbps<br \/>\nMaks. liczba tuneli IPSec VPN 10 000<br \/>\nMaks. liczba SSL VPN (tryb Portal) 2048<br \/>\nLiczba jednoczesnych klient\u00f3w SSL VPN 500<\/p>\n<p>PO\u0141\u0104CZENIA SIECIOWE<br \/>\nLiczba jednoczesnych sesji 20 000 000<br \/>\nNowe sesje na sekund\u0119 250 000<br \/>\nMaksymalna liczba dostawc\u00f3w internetu\/zapasowych 64\/64<\/p>\n<p>INTERFEJSY SIECIOWE<br \/>\nInterfejsy Ethernet 10\/100\/1000 8-64<br \/>\nInterfejsy miedziane 10Gb 0-32<br \/>\nInterfejsy \u015bwiat\u0142owodowe 1 Gb 0-64<br \/>\nInterfejsy \u015bwiat\u0142owodowe 10 Gb 2-34<br \/>\nInterfejsy \u015bwiat\u0142owodowe 40 Gb 0-16<\/p>\n<p>Opcjonalne modu\u0142y rozszerze\u0144:<br \/>\n8 port\u00f3w 10\/100\/1000<\/p>\n<p>4 porty 10 Gb miedziane<\/p>\n<p>8 port\u00f3w 1Gb \u015bwiat\u0142owodowe<\/p>\n<p>4 porty 10Gb \u015bwiat\u0142owodowe<\/p>\n<p>2 porty 40Gb \u015bwiat\u0142owodowe<\/p>\n<p>SYSTEM<\/p>\n<p>Maksymalna liczba tras statycznych 32 768<br \/>\nMaksymalna liczba regu\u0142 filtrowania 10 240<\/p>\n<p>REDUNDANCJA<br \/>\nHigh Availability (Active\/Passive), Redundantne dyski SSD (RAID 1) RAID 1<br \/>\nRedundantne zasilanie (z mo\u017cliwo\u015bci\u0105 wymiany zasilacza bez przerywania pracy)<br \/>\nRedundantna wentylacja (z mo\u017cliwo\u015bci\u0105 wymiany wentylatora bez przerywania pracy)<\/p>\n<p>SPRZ\u0118T<br \/>\nDysk lokalny 512 GB SSD<br \/>\nOpcja Big Data (lokalny dysk twardy) 1 TB SSD<br \/>\nMTBF w 25\u00b0C (lata) 21.3<br \/>\nWielko\u015b\u0107 urz\u0105dzenia 2U &#8211; 19\u201d<br \/>\nWysoko\u015b\u0107 x szeroko\u015b\u0107 x g\u0142\u0119boko\u015b\u0107 (mm) 88.9 x 440 x 645<br \/>\nWaga 15.3 kg (33.73 lbs)<br \/>\nZasilanie (AC) 100-240V 63-47Hz 9.4-4.72A<br \/>\nZasilanie 48V (opcja) 48-60VDC 19.2-16A<br \/>\nPob\u00f3r energii elektrycznej (maks.) 230V 50Hz 557.4W 2.4A<br \/>\nWentylator 4<br \/>\nRozpraszanie ciep\u0142a (maks., BTU\/h) 1915<br \/>\nTemperatura pracy 0\u00b0 to 40\u00b0C (32\u00b0 to 104\u00b0F)<br \/>\nWilgotno\u015b\u0107 wzgl\u0119dna, podczas pracy (bez kondensacji) 0% to 90% @ 40\u00b0C (104\u00b0F)<br \/>\nTemperatura przechowywania -20\u00b0 to 70\u00b0C (-4\u00b0 to 158\u00b0F)<br \/>\nWilgotno\u015b\u0107 wzgl\u0119dna, przechowywanie (bez kondensacji) 5% to 95%<\/p>\n<p>CERTYFIKACJA<br \/>\nZgodno\u015b\u0107 CE\/FCC\/CB<\/p>\n<p>* Test przeprowadzony w warunkach laboratoryjnych dla<br \/>\noprogramowania w wersji 4.x. Wyniki mog\u0105 si\u0119 r\u00f3\u017cni\u0107 w<br \/>\nzale\u017cno\u015bci od warunk\u00f3w testowych i wersji oprogramowania.<\/p>\n<p>** Rozmiar IP: 60% (48 bajt\u00f3w) \u2013 25% (494 bajt\u00f3w) \u2013 15% (1500 bajt\u00f3w).<\/p>\n<p>&nbsp;<\/p>\n<\/div>\n<\/div>\n<\/div>\n<\/div>\n","protected":false},"excerpt":{"rendered":"<p>Bardzo wysoka wydajno\u015b\u0107. Dzi\u0119ki przepustowo\u015bci nawet do 170 Gb\/s, osi\u0105gniesz najwy\u017csz\u0105 mo\u017cliw\u0105 wydajno\u015b\u0107.<\/p>\n<p><strong><a href=\"https:\/\/makanet24.pl\/wp-content\/uploads\/2021\/04\/Ulotka-SN6100.pdf\">Ulotka-SN6100<\/a><\/strong><\/p>\n<p>Du\u017ca liczba interfejs\u00f3w sieciowych<br \/>\n\u2022 Dostosuj liczb\u0119\/typ interfejs\u00f3w do swojej sieci<br \/>\n\u2022 Dopasuj konfiguracj\u0119 do swoich potrzeb<br \/>\n\u2022 Stosuj r\u00f3wnocze\u015bnie interfejsy miedziane i \u015bwiat\u0142owodowe (1GbE, 10GbE lub 40GbE)<br \/>\n\u2022 Przewiduj zmiany w swojej infrastrukturze sieciowej<\/p>\n","protected":false},"featured_media":1891,"comment_status":"open","ping_status":"closed","template":"","meta":[],"yoast_head":"<!-- This site is optimized with the Yoast SEO plugin v16.2 - https:\/\/yoast.com\/wordpress\/plugins\/seo\/ -->\n<title>Stormshield SN6100 - Makanet24<\/title>\n<meta name=\"robots\" content=\"index, follow, max-snippet:-1, max-image-preview:large, max-video-preview:-1\" \/>\n<link rel=\"canonical\" href=\"https:\/\/makanet24.pl\/index.php\/produkt\/stormshield-sn6100\/\" \/>\n<meta property=\"og:locale\" content=\"pl_PL\" \/>\n<meta property=\"og:type\" content=\"article\" \/>\n<meta property=\"og:title\" content=\"Stormshield SN6100 - Makanet24\" \/>\n<meta property=\"og:description\" content=\"Bardzo wysoka wydajno\u015b\u0107. Dzi\u0119ki przepustowo\u015bci nawet do 170 Gb\/s, osi\u0105gniesz najwy\u017csz\u0105 mo\u017cliw\u0105 wydajno\u015b\u0107.  Ulotka-SN6100  Du\u017ca liczba interfejs\u00f3w sieciowych \u2022 Dostosuj liczb\u0119\/typ interfejs\u00f3w do swojej sieci \u2022 Dopasuj konfiguracj\u0119 do swoich potrzeb \u2022 Stosuj r\u00f3wnocze\u015bnie interfejsy miedziane i \u015bwiat\u0142owodowe (1GbE, 10GbE lub 40GbE) \u2022 Przewiduj zmiany w swojej infrastrukturze sieciowej\" \/>\n<meta property=\"og:url\" content=\"https:\/\/makanet24.pl\/index.php\/produkt\/stormshield-sn6100\/\" \/>\n<meta property=\"og:site_name\" content=\"Makanet24\" \/>\n<meta property=\"article:modified_time\" content=\"2021-05-13T10:24:56+00:00\" \/>\n<meta property=\"og:image\" content=\"https:\/\/makanet24.pl\/wp-content\/uploads\/2021\/04\/sn-6100-large-v2.png\" \/>\n\t<meta property=\"og:image:width\" content=\"539\" \/>\n\t<meta property=\"og:image:height\" content=\"539\" \/>\n<meta name=\"twitter:card\" content=\"summary_large_image\" \/>\n<meta name=\"twitter:label1\" content=\"Szacowany czas czytania\">\n\t<meta name=\"twitter:data1\" content=\"2 minuty\">\n<script type=\"application\/ld+json\" class=\"yoast-schema-graph\">{\"@context\":\"https:\/\/schema.org\",\"@graph\":[{\"@type\":\"WebSite\",\"@id\":\"https:\/\/makanet24.pl\/#website\",\"url\":\"https:\/\/makanet24.pl\/\",\"name\":\"Makanet24\",\"description\":\"Sklep internetowy z produktami IT\",\"potentialAction\":[{\"@type\":\"SearchAction\",\"target\":\"https:\/\/makanet24.pl\/?s={search_term_string}\",\"query-input\":\"required name=search_term_string\"}],\"inLanguage\":\"pl-PL\"},{\"@type\":\"ImageObject\",\"@id\":\"https:\/\/makanet24.pl\/index.php\/produkt\/stormshield-sn6100\/#primaryimage\",\"inLanguage\":\"pl-PL\",\"url\":\"https:\/\/makanet24.pl\/wp-content\/uploads\/2021\/04\/sn-6100-large-v2.png\",\"contentUrl\":\"https:\/\/makanet24.pl\/wp-content\/uploads\/2021\/04\/sn-6100-large-v2.png\",\"width\":539,\"height\":539},{\"@type\":\"WebPage\",\"@id\":\"https:\/\/makanet24.pl\/index.php\/produkt\/stormshield-sn6100\/#webpage\",\"url\":\"https:\/\/makanet24.pl\/index.php\/produkt\/stormshield-sn6100\/\",\"name\":\"Stormshield SN6100 - Makanet24\",\"isPartOf\":{\"@id\":\"https:\/\/makanet24.pl\/#website\"},\"primaryImageOfPage\":{\"@id\":\"https:\/\/makanet24.pl\/index.php\/produkt\/stormshield-sn6100\/#primaryimage\"},\"datePublished\":\"2021-04-26T21:22:49+00:00\",\"dateModified\":\"2021-05-13T10:24:56+00:00\",\"breadcrumb\":{\"@id\":\"https:\/\/makanet24.pl\/index.php\/produkt\/stormshield-sn6100\/#breadcrumb\"},\"inLanguage\":\"pl-PL\",\"potentialAction\":[{\"@type\":\"ReadAction\",\"target\":[\"https:\/\/makanet24.pl\/index.php\/produkt\/stormshield-sn6100\/\"]}]},{\"@type\":\"BreadcrumbList\",\"@id\":\"https:\/\/makanet24.pl\/index.php\/produkt\/stormshield-sn6100\/#breadcrumb\",\"itemListElement\":[{\"@type\":\"ListItem\",\"position\":1,\"item\":{\"@type\":\"WebPage\",\"@id\":\"https:\/\/makanet24.pl\/\",\"url\":\"https:\/\/makanet24.pl\/\",\"name\":\"Strona g\\u0142\\u00f3wna\"}},{\"@type\":\"ListItem\",\"position\":2,\"item\":{\"@type\":\"WebPage\",\"@id\":\"https:\/\/makanet24.pl\/index.php\/sklep\/\",\"url\":\"https:\/\/makanet24.pl\/index.php\/sklep\/\",\"name\":\"Sklep\"}},{\"@type\":\"ListItem\",\"position\":3,\"item\":{\"@id\":\"https:\/\/makanet24.pl\/index.php\/produkt\/stormshield-sn6100\/#webpage\"}}]}]}<\/script>\n<!-- \/ Yoast SEO plugin. -->","_links":{"self":[{"href":"https:\/\/makanet24.pl\/index.php\/wp-json\/wp\/v2\/product\/1839"}],"collection":[{"href":"https:\/\/makanet24.pl\/index.php\/wp-json\/wp\/v2\/product"}],"about":[{"href":"https:\/\/makanet24.pl\/index.php\/wp-json\/wp\/v2\/types\/product"}],"replies":[{"embeddable":true,"href":"https:\/\/makanet24.pl\/index.php\/wp-json\/wp\/v2\/comments?post=1839"}],"wp:featuredmedia":[{"embeddable":true,"href":"https:\/\/makanet24.pl\/index.php\/wp-json\/wp\/v2\/media\/1891"}],"wp:attachment":[{"href":"https:\/\/makanet24.pl\/index.php\/wp-json\/wp\/v2\/media?parent=1839"}],"curies":[{"name":"wp","href":"https:\/\/api.w.org\/{rel}","templated":true}]}}