{"id":1830,"date":"2021-04-26T23:17:38","date_gmt":"2021-04-26T21:17:38","guid":{"rendered":"https:\/\/makanet24.pl\/?post_type=product&#038;p=1830"},"modified":"2021-05-03T11:17:49","modified_gmt":"2021-05-03T09:17:49","slug":"stormshield-sn710","status":"publish","type":"product","link":"https:\/\/makanet24.pl\/index.php\/produkt\/stormshield-sn710\/","title":{"rendered":"Stormshield SN710"},"content":{"rendered":"<div class=\"page\" title=\"Page 1\">\n<div class=\"section\">\n<div class=\"layoutArea\">\n<div class=\"column\">\n<h2>Nowe urz\u0105dzenie Stormshield SN710 \u2013 ci\u0105g\u0142o\u015b\u0107 dzia\u0142ania w z\u0142o\u017conej architekturze<\/h2>\n<h3>Wydajno\u015b\u0107 dzia\u0142ania<\/h3>\n<p>Nowy model Stormshield SN710 to zupe\u0142nie nowa klasa urz\u0105dzenia UTM charakteryzuj\u0105ca si\u0119 niespotykan\u0105 dot\u0105d wydajno\u015bci\u0105 i przepustowo\u015bci\u0105 z zachowaniem przyst\u0119pnej ceny.<\/p>\n<h3>\u0141atwo\u015b\u0107 integracji z istniej\u0105c\u0105 infrastruktur\u0105<\/h3>\n<p>Dzi\u0119ki zastosowaniu zaawansowanych funkcji sieciowych, urz\u0105dzenia Stormshield SN710 pozwalaj\u0105 na pe\u0142ne i bezproblemowe dopasowanie do aktualnej infrastruktury.<\/p>\n<h3>Optymalizacja ruchu internetowego<\/h3>\n<p>Poprawa jako\u015bci obs\u0142ugi i zu\u017cycia przepustowo\u015bci podczas surfowania w internecie z u\u017cyciem funkcji buforowania proxy HTTP.<\/p>\n<h3>Zapewnij ci\u0105g\u0142o\u015b\u0107 dzia\u0142ania<\/h3>\n<p>Dzi\u0119ki funkcji wysokiej dost\u0119pno\u015bci (HA) us\u0142ugi b\u0119d\u0105 dzia\u0142a\u0107 nieprzerwanie, nawet wtedy, gdy urz\u0105dzenie si\u0119 zepsuje. Redundantne \u0142\u0105cza dost\u0119pu do internetu utrzymaj\u0105 funkcjonowanie firmy na wysokiej jako\u015bci po\u0142\u0105czeniach.<\/p>\n<h3>Dost\u0119p do firmowych zasob\u00f3w bez obaw o bezpiecze\u0144stwo<\/h3>\n<p>Zaawansowane funkcje IPSec VPN pozwol\u0105 na to, by Twoje oddzia\u0142y i zdalne lokalizacje by\u0142y ze sob\u0105 po\u0142\u0105czone bezpiecznie i bezproblemowo.<\/p>\n<p><strong>SPECYFIKACJA TECHNICZNA<\/strong><\/p>\n<p>WYDAJNO\u015a\u0106*<br \/>\nPrzepustowo\u015b\u0107 Firewall (1518 bajt\u00f3w UDP) 15 Gbps<br \/>\nPrzepustowo\u015b\u0107 IPS (1518 bajt\u00f3w UDP) 8 Gbps<br \/>\nPrzepustowo\u015b\u0107 IPS (plik HTTP 1MB) 3 Gbps<br \/>\nPrzepustowo\u015b\u0107 Antywirus 2 Gbps<\/p>\n<p>VPN*<br \/>\nPrzepustowo\u015b\u0107 IPSec &#8211; AES-GCM 3 Gbps<br \/>\nPrzepustowo\u015b\u0107 IPSec &#8211; AES256\/SHA2 2 Gbps<br \/>\nMaks. liczba tuneli IPSec VPN 1,000<br \/>\nMaks. liczba SSL VPN (tryb Portal) 150<br \/>\nLiczba jednoczesnych klient\u00f3w SSL VPN 150<\/p>\n<p>PO\u0141\u0104CZENIA SIECIOWE<br \/>\nLiczba jednoczesnych sesji 1 000 000<br \/>\nNowe sesje na sekund\u0119 50 000<br \/>\nMaksymalna liczba dostawc\u00f3w internetu\/zapasowych 64\/64<\/p>\n<p>INTERFEJSY SIECIOWE<br \/>\nInterfejsy Ethernet 10\/100\/1000 8-16<br \/>\n10Gb copper interfaces 0-4<br \/>\n1Gb fiber interfaces 0-8<br \/>\n10Gb fiber interfaces 0-4<br \/>\nOptional extension modules (8 ports 10\/100\/1000 &#8211; 4 ports 10Gb copper &#8211; 8 ports 1Gb fiber &#8211; 4 ports 10Gb fiber) 1<\/p>\n<p>SYSTEM<br \/>\nMaksymalna liczba regu\u0142 filtrowania 16 384<br \/>\nMaksymalna liczba tras statycznych 2 048<br \/>\nMaksymalna liczba tras dynamicznych 10 000<\/p>\n<p>REDUNDANCJA<br \/>\nHigh Availability (Active\/Passive)<\/p>\n<p>SPRZ\u0118T<br \/>\nDysk lokalny<br \/>\nPartycja na logi &gt; 200 GB<br \/>\nMTBF w 25\u00b0C (lata) 15.1<br \/>\nWielko\u015b\u0107 urz\u0105dzenia 1U -19\u201d<br \/>\nWysoko\u015b\u0107 x szeroko\u015b\u0107 x g\u0142\u0119boko\u015b\u0107 (mm) 44.45 x 440 x 310<br \/>\nWaga 4.22 kg (9.3 lbs)<br \/>\nZasilanie (AC) 100-240V 60-50Hz 3-1.5A<br \/>\nPob\u00f3r energii elektrycznej (maks.) 230V 50Hz 37W 0.23A<br \/>\nWentylator 2<br \/>\nPoziom g\u0142o\u015bno\u015bci 55dbA<br \/>\nRozpraszanie ciep\u0142a (maks., BTU\/h) 145<br \/>\nTemperatura pracy 5\u00b0 to 40\u00b0C (41\u00b0 to 104\u00b0F)<br \/>\nWilgotno\u015b\u0107 wzgl\u0119dna, podczas pracy (bez kondensacji) 20% to 90% @ 40\u00b0C<br \/>\nTemperatura przechowywania -30\u00b0 to 65\u00b0C (-22\u00b0 to 149\u00b0F)<br \/>\nWilgotno\u015b\u0107 wzgl\u0119dna, przechowywanie (bez kondensacji) 5% to 95% @ 60\u00b0C<\/p>\n<p>SYSTEM<br \/>\nMaksymalna liczba regu\u0142 filtrowania 16 384<br \/>\nMaksymalna liczba tras statycznych 2 048<br \/>\nMaksymalna liczba tras dynamicznych 10 000<\/p>\n<p>REDUNDANCJA<br \/>\nHigh Availability (Active\/Passive)<\/p>\n<p>CERTYFIKACJA<br \/>\nZgodno\u015b\u0107 CE\/FCC\/CB<\/p>\n<p>* Test przeprowadzony w warunkach laboratoryjnych dla<br \/>\noprogramowania w wersji 4.x. Wyniki mog\u0105 si\u0119 r\u00f3\u017cni\u0107 w<br \/>\nzale\u017cno\u015bci od warunk\u00f3w testowych i wersji oprogramowania.<br \/>\n** Opcjonalnie.<\/p>\n<\/div>\n<\/div>\n<\/div>\n<\/div>\n","protected":false},"excerpt":{"rendered":"<p>NETWORK SECURITY. UTM \/ Next Generation Firewall dla \u015brednich i du\u017cych sieci.<\/p>\n<p><a href=\"https:\/\/makanet24.pl\/wp-content\/uploads\/2021\/04\/Ulotka-SN710.pdf\"><strong>Ulotka-SN710<\/strong> \u00a0<\/a><\/p>\n<h6 style=\"text-align: center\">DOST\u0118PNO\u015a\u0106 INTERFEJS\u00d3W \u015aWIAT\u0141OWODOWYCH<\/h6>\n<h6 style=\"text-align: center\">15 Gbps PRZEPUSTOWO\u015a\u0106 FIREWALL<\/h6>\n<h6 style=\"text-align: center\">3 Gbps PRZEPUSTOWO\u015a\u0106 IPSEC VPN<\/h6>\n<h6 style=\"text-align: center\">Modularno\u015b\u0107 INTERFEJSY ETHERNETOWE I \u015aWIAT\u0141OWODOWE<\/h6>\n","protected":false},"featured_media":1833,"comment_status":"open","ping_status":"closed","template":"","meta":[],"yoast_head":"<!-- This site is optimized with the Yoast SEO plugin v16.2 - https:\/\/yoast.com\/wordpress\/plugins\/seo\/ -->\n<title>Stormshield SN710 - Makanet24<\/title>\n<meta name=\"robots\" content=\"index, follow, max-snippet:-1, max-image-preview:large, max-video-preview:-1\" \/>\n<link rel=\"canonical\" href=\"https:\/\/makanet24.pl\/index.php\/produkt\/stormshield-sn710\/\" \/>\n<meta property=\"og:locale\" content=\"pl_PL\" \/>\n<meta property=\"og:type\" content=\"article\" \/>\n<meta property=\"og:title\" content=\"Stormshield SN710 - Makanet24\" \/>\n<meta property=\"og:description\" content=\"NETWORK SECURITY. UTM \/ Next Generation Firewall dla \u015brednich i du\u017cych sieci.  Ulotka-SN710 \u00a0 DOST\u0118PNO\u015a\u0106 INTERFEJS\u00d3W \u015aWIAT\u0141OWODOWYCH 15 Gbps PRZEPUSTOWO\u015a\u0106 FIREWALL 3 Gbps PRZEPUSTOWO\u015a\u0106 IPSEC VPN Modularno\u015b\u0107 INTERFEJSY ETHERNETOWE I \u015aWIAT\u0141OWODOWE\" \/>\n<meta property=\"og:url\" content=\"https:\/\/makanet24.pl\/index.php\/produkt\/stormshield-sn710\/\" \/>\n<meta property=\"og:site_name\" content=\"Makanet24\" \/>\n<meta property=\"article:modified_time\" content=\"2021-05-03T09:17:49+00:00\" \/>\n<meta property=\"og:image\" content=\"https:\/\/makanet24.pl\/wp-content\/uploads\/2021\/04\/sn710.png\" \/>\n\t<meta property=\"og:image:width\" content=\"600\" \/>\n\t<meta property=\"og:image:height\" content=\"600\" \/>\n<meta name=\"twitter:card\" content=\"summary_large_image\" \/>\n<meta name=\"twitter:label1\" content=\"Szacowany czas czytania\">\n\t<meta name=\"twitter:data1\" content=\"2 minuty\">\n<script type=\"application\/ld+json\" class=\"yoast-schema-graph\">{\"@context\":\"https:\/\/schema.org\",\"@graph\":[{\"@type\":\"WebSite\",\"@id\":\"https:\/\/makanet24.pl\/#website\",\"url\":\"https:\/\/makanet24.pl\/\",\"name\":\"Makanet24\",\"description\":\"Sklep internetowy z produktami IT\",\"potentialAction\":[{\"@type\":\"SearchAction\",\"target\":\"https:\/\/makanet24.pl\/?s={search_term_string}\",\"query-input\":\"required name=search_term_string\"}],\"inLanguage\":\"pl-PL\"},{\"@type\":\"ImageObject\",\"@id\":\"https:\/\/makanet24.pl\/index.php\/produkt\/stormshield-sn710\/#primaryimage\",\"inLanguage\":\"pl-PL\",\"url\":\"https:\/\/makanet24.pl\/wp-content\/uploads\/2021\/04\/sn710.png\",\"contentUrl\":\"https:\/\/makanet24.pl\/wp-content\/uploads\/2021\/04\/sn710.png\",\"width\":600,\"height\":600},{\"@type\":\"WebPage\",\"@id\":\"https:\/\/makanet24.pl\/index.php\/produkt\/stormshield-sn710\/#webpage\",\"url\":\"https:\/\/makanet24.pl\/index.php\/produkt\/stormshield-sn710\/\",\"name\":\"Stormshield SN710 - Makanet24\",\"isPartOf\":{\"@id\":\"https:\/\/makanet24.pl\/#website\"},\"primaryImageOfPage\":{\"@id\":\"https:\/\/makanet24.pl\/index.php\/produkt\/stormshield-sn710\/#primaryimage\"},\"datePublished\":\"2021-04-26T21:17:38+00:00\",\"dateModified\":\"2021-05-03T09:17:49+00:00\",\"breadcrumb\":{\"@id\":\"https:\/\/makanet24.pl\/index.php\/produkt\/stormshield-sn710\/#breadcrumb\"},\"inLanguage\":\"pl-PL\",\"potentialAction\":[{\"@type\":\"ReadAction\",\"target\":[\"https:\/\/makanet24.pl\/index.php\/produkt\/stormshield-sn710\/\"]}]},{\"@type\":\"BreadcrumbList\",\"@id\":\"https:\/\/makanet24.pl\/index.php\/produkt\/stormshield-sn710\/#breadcrumb\",\"itemListElement\":[{\"@type\":\"ListItem\",\"position\":1,\"item\":{\"@type\":\"WebPage\",\"@id\":\"https:\/\/makanet24.pl\/\",\"url\":\"https:\/\/makanet24.pl\/\",\"name\":\"Strona g\\u0142\\u00f3wna\"}},{\"@type\":\"ListItem\",\"position\":2,\"item\":{\"@type\":\"WebPage\",\"@id\":\"https:\/\/makanet24.pl\/index.php\/sklep\/\",\"url\":\"https:\/\/makanet24.pl\/index.php\/sklep\/\",\"name\":\"Sklep\"}},{\"@type\":\"ListItem\",\"position\":3,\"item\":{\"@id\":\"https:\/\/makanet24.pl\/index.php\/produkt\/stormshield-sn710\/#webpage\"}}]}]}<\/script>\n<!-- \/ Yoast SEO plugin. -->","_links":{"self":[{"href":"https:\/\/makanet24.pl\/index.php\/wp-json\/wp\/v2\/product\/1830"}],"collection":[{"href":"https:\/\/makanet24.pl\/index.php\/wp-json\/wp\/v2\/product"}],"about":[{"href":"https:\/\/makanet24.pl\/index.php\/wp-json\/wp\/v2\/types\/product"}],"replies":[{"embeddable":true,"href":"https:\/\/makanet24.pl\/index.php\/wp-json\/wp\/v2\/comments?post=1830"}],"wp:featuredmedia":[{"embeddable":true,"href":"https:\/\/makanet24.pl\/index.php\/wp-json\/wp\/v2\/media\/1833"}],"wp:attachment":[{"href":"https:\/\/makanet24.pl\/index.php\/wp-json\/wp\/v2\/media?parent=1830"}],"curies":[{"name":"wp","href":"https:\/\/api.w.org\/{rel}","templated":true}]}}