{"id":1820,"date":"2021-04-26T23:04:01","date_gmt":"2021-04-26T21:04:01","guid":{"rendered":"https:\/\/makanet24.pl\/?post_type=product&#038;p=1820"},"modified":"2021-05-02T18:52:44","modified_gmt":"2021-05-02T16:52:44","slug":"stormshield-sn160","status":"publish","type":"product","link":"https:\/\/makanet24.pl\/index.php\/produkt\/stormshield-sn160\/","title":{"rendered":"Stormshield SN160"},"content":{"rendered":"<div class=\"page\" title=\"Page 1\">\n<div class=\"section\">\n<div class=\"layoutArea\">\n<div class=\"column\">\n<p>STORMSHIELD jest urza\u0328dzeniem zapewniaja\u0328cym pe\u0142na\u0328 ochrone\u0328 sieci na styku sieci lokalnej z Internetem. Podstawowe funkcje, kto\u0301re moga\u0328 zostac\u0301 uruchomione na urza\u0328dzeniach STORMSHIELD:<br \/>\n\u2013 Stateful Inspection Firewall<br \/>\n\u2013 Intrusion Prevention System (IDS\/IPS)<\/p>\n<p>\u2013 Audyt Podatnos\u0301ci \u2013 wewne\u0328trzny audyt sieci<br \/>\n\u2013 Virtual Private Networks (IPSec VPN, SSL VPN, PPTP)<br \/>\n\u2013 Autoryzacja uz\u0307ytkowniko\u0301w (LDAP, AD)<br \/>\n\u2013 Ochrona antywirusowa (Clam AV lub Kaspersky)<br \/>\n\u2013 Ochrona przed spamem<br \/>\n\u2013 Filtr URL (polski lub chmurowy)<br \/>\n\u2013 SSL Proxy<br \/>\n\u2013 Raportowanie (TOP10 lub Stormshield Visibility Center)<\/p>\n<div class=\"page\" title=\"Page 1\">\n<div class=\"section\">\n<div class=\"layoutArea\">\n<div class=\"column\">\n<p>Oferta STORMSHIELD obejmuje pe\u0142na\u0328 game\u0328 urza\u0328dzen\u0301 UTM poczynaja\u0328c od najmniejszych (STORMSHIELD SN160), przeznaczonych dla ma\u0142ych firm az\u0307 po urza\u0328dzenia przeznaczone dla duz\u0307ych firm lub dostawco\u0301w us\u0142ug internetowych (SN2000, SN3000, SN6000).<\/p>\n<\/div>\n<\/div>\n<\/div>\n<\/div>\n<\/div>\n<\/div>\n<\/div>\n<\/div>\n<p><strong>Parametry urza\u0328dzenia i specyfikacja sieciowa:<\/strong><\/p>\n<ul>\n<li>1 + 4 porty (switch) Ethernet 10\/100\/1000 Mbps<\/li>\n<li>przepustowos\u0301c\u0301 firewalla z w\u0142a\u0328czonym IPS (Mbps) 800<\/li>\n<li>przepustowos\u0301c\u0301 IPSec VPN (Mbps) 200<\/li>\n<li>liczba ro\u0301wnoleg\u0142ych sesji 150 000<\/li>\n<li>nielimitowana liczba uz\u0307ytkowniko\u0301w (rekomendowana 10)<\/li>\n<\/ul>\n","protected":false},"excerpt":{"rendered":"<p>UTM \/ Next Generation Firewall dla ma\u0142ych sieci &#8211; nielimitowana liczba uz\u0307ytkowniko\u0301w (<strong>rekomendowana 10<\/strong>)<\/p>\n<p><a href=\"https:\/\/makanet24.pl\/wp-content\/uploads\/2021\/04\/sn160.png\"><img loading=\"lazy\" class=\"alignnone wp-image-1821\" src=\"https:\/\/makanet24.pl\/wp-content\/uploads\/2021\/04\/sn160-medium.png\" alt=\"\" width=\"271\" height=\"271\" srcset=\"https:\/\/makanet24.pl\/wp-content\/uploads\/2021\/04\/sn160-medium.png 300w, https:\/\/makanet24.pl\/wp-content\/uploads\/2021\/04\/sn160-small.png 150w, https:\/\/makanet24.pl\/wp-content\/uploads\/2021\/04\/sn160.png 600w\" sizes=\"(max-width: 271px) 100vw, 271px\" \/><\/a><\/p>\n<p><strong>1 Gbps PRZEPUSTOWO\u015a\u0106 FIREWALL<\/strong><\/p>\n<p><strong>200 Mbps PRZEPUSTOWO\u015a\u0106 IPSEC VPN<\/strong><\/p>\n<p><strong>260 Mbps PRZEPUSTOWO\u015a\u0106 ANTYWIRUS<\/strong><\/p>\n<p>1+4 porty INTERFEJSY ETHERNET 10\/100\/1000<\/p>\n<p>&nbsp;<\/p>\n","protected":false},"featured_media":1821,"comment_status":"open","ping_status":"closed","template":"","meta":[],"yoast_head":"<!-- This site is optimized with the Yoast SEO plugin v16.2 - https:\/\/yoast.com\/wordpress\/plugins\/seo\/ -->\n<title>Stormshield SN160 - Makanet24<\/title>\n<meta name=\"robots\" content=\"index, follow, max-snippet:-1, max-image-preview:large, max-video-preview:-1\" \/>\n<link rel=\"canonical\" href=\"https:\/\/makanet24.pl\/index.php\/produkt\/stormshield-sn160\/\" \/>\n<meta property=\"og:locale\" content=\"pl_PL\" \/>\n<meta property=\"og:type\" content=\"article\" \/>\n<meta property=\"og:title\" content=\"Stormshield SN160 - Makanet24\" \/>\n<meta property=\"og:description\" content=\"UTM \/ Next Generation Firewall dla ma\u0142ych sieci - nielimitowana liczba uz\u0307ytkowniko\u0301w (rekomendowana 10)    1 Gbps PRZEPUSTOWO\u015a\u0106 FIREWALL  200 Mbps PRZEPUSTOWO\u015a\u0106 IPSEC VPN  260 Mbps PRZEPUSTOWO\u015a\u0106 ANTYWIRUS  1+4 porty INTERFEJSY ETHERNET 10\/100\/1000  &nbsp;\" \/>\n<meta property=\"og:url\" content=\"https:\/\/makanet24.pl\/index.php\/produkt\/stormshield-sn160\/\" \/>\n<meta property=\"og:site_name\" content=\"Makanet24\" \/>\n<meta property=\"article:modified_time\" content=\"2021-05-02T16:52:44+00:00\" \/>\n<meta property=\"og:image\" content=\"https:\/\/makanet24.pl\/wp-content\/uploads\/2021\/04\/sn160.png\" \/>\n\t<meta property=\"og:image:width\" content=\"600\" \/>\n\t<meta property=\"og:image:height\" content=\"600\" \/>\n<meta name=\"twitter:card\" content=\"summary_large_image\" \/>\n<meta name=\"twitter:label1\" content=\"Szacowany czas czytania\">\n\t<meta name=\"twitter:data1\" content=\"1 minuta\">\n<script type=\"application\/ld+json\" class=\"yoast-schema-graph\">{\"@context\":\"https:\/\/schema.org\",\"@graph\":[{\"@type\":\"WebSite\",\"@id\":\"https:\/\/makanet24.pl\/#website\",\"url\":\"https:\/\/makanet24.pl\/\",\"name\":\"Makanet24\",\"description\":\"Sklep internetowy z produktami IT\",\"potentialAction\":[{\"@type\":\"SearchAction\",\"target\":\"https:\/\/makanet24.pl\/?s={search_term_string}\",\"query-input\":\"required name=search_term_string\"}],\"inLanguage\":\"pl-PL\"},{\"@type\":\"ImageObject\",\"@id\":\"https:\/\/makanet24.pl\/index.php\/produkt\/stormshield-sn160\/#primaryimage\",\"inLanguage\":\"pl-PL\",\"url\":\"https:\/\/makanet24.pl\/wp-content\/uploads\/2021\/04\/sn160.png\",\"contentUrl\":\"https:\/\/makanet24.pl\/wp-content\/uploads\/2021\/04\/sn160.png\",\"width\":600,\"height\":600},{\"@type\":\"WebPage\",\"@id\":\"https:\/\/makanet24.pl\/index.php\/produkt\/stormshield-sn160\/#webpage\",\"url\":\"https:\/\/makanet24.pl\/index.php\/produkt\/stormshield-sn160\/\",\"name\":\"Stormshield SN160 - Makanet24\",\"isPartOf\":{\"@id\":\"https:\/\/makanet24.pl\/#website\"},\"primaryImageOfPage\":{\"@id\":\"https:\/\/makanet24.pl\/index.php\/produkt\/stormshield-sn160\/#primaryimage\"},\"datePublished\":\"2021-04-26T21:04:01+00:00\",\"dateModified\":\"2021-05-02T16:52:44+00:00\",\"breadcrumb\":{\"@id\":\"https:\/\/makanet24.pl\/index.php\/produkt\/stormshield-sn160\/#breadcrumb\"},\"inLanguage\":\"pl-PL\",\"potentialAction\":[{\"@type\":\"ReadAction\",\"target\":[\"https:\/\/makanet24.pl\/index.php\/produkt\/stormshield-sn160\/\"]}]},{\"@type\":\"BreadcrumbList\",\"@id\":\"https:\/\/makanet24.pl\/index.php\/produkt\/stormshield-sn160\/#breadcrumb\",\"itemListElement\":[{\"@type\":\"ListItem\",\"position\":1,\"item\":{\"@type\":\"WebPage\",\"@id\":\"https:\/\/makanet24.pl\/\",\"url\":\"https:\/\/makanet24.pl\/\",\"name\":\"Strona g\\u0142\\u00f3wna\"}},{\"@type\":\"ListItem\",\"position\":2,\"item\":{\"@type\":\"WebPage\",\"@id\":\"https:\/\/makanet24.pl\/index.php\/sklep\/\",\"url\":\"https:\/\/makanet24.pl\/index.php\/sklep\/\",\"name\":\"Sklep\"}},{\"@type\":\"ListItem\",\"position\":3,\"item\":{\"@id\":\"https:\/\/makanet24.pl\/index.php\/produkt\/stormshield-sn160\/#webpage\"}}]}]}<\/script>\n<!-- \/ Yoast SEO plugin. -->","_links":{"self":[{"href":"https:\/\/makanet24.pl\/index.php\/wp-json\/wp\/v2\/product\/1820"}],"collection":[{"href":"https:\/\/makanet24.pl\/index.php\/wp-json\/wp\/v2\/product"}],"about":[{"href":"https:\/\/makanet24.pl\/index.php\/wp-json\/wp\/v2\/types\/product"}],"replies":[{"embeddable":true,"href":"https:\/\/makanet24.pl\/index.php\/wp-json\/wp\/v2\/comments?post=1820"}],"wp:featuredmedia":[{"embeddable":true,"href":"https:\/\/makanet24.pl\/index.php\/wp-json\/wp\/v2\/media\/1821"}],"wp:attachment":[{"href":"https:\/\/makanet24.pl\/index.php\/wp-json\/wp\/v2\/media?parent=1820"}],"curies":[{"name":"wp","href":"https:\/\/api.w.org\/{rel}","templated":true}]}}