{"id":1757,"date":"2021-04-12T00:46:14","date_gmt":"2021-04-11T22:46:14","guid":{"rendered":"https:\/\/makanet24.pl\/?post_type=product&#038;p=1757"},"modified":"2021-05-02T13:02:25","modified_gmt":"2021-05-02T11:02:25","slug":"eee-pro-od-5-uzytkownikow","status":"publish","type":"product","link":"https:\/\/makanet24.pl\/index.php\/produkt\/eee-pro-od-5-uzytkownikow\/","title":{"rendered":"ESET EE PRO od 5 u\u017cytkownik\u00f3w"},"content":{"rendered":"<h2>Skuteczne narz\u0119dzie do szyfrowania firmowych danych<\/h2>\n<h6>Umo\u017cliwia szyfrowanie plik\u00f3w, folder\u00f3w, poczty email i za\u0142\u0105cznik\u00f3w, dowolnego tekstu oraz tworzenie zaszyfrowanych dysk\u00f3w i archiw\u00f3w. Szyfruje no\u015bniki wymienne.<\/h6>\n<p><strong><span class=\"LightBox\">Zarz\u0105dzaj u\u017cytkownikami i stacjami roboczymi<\/span><\/strong><\/p>\n<p>Decyduj\u0105c si\u0119 na rozwi\u0105zanie DESlock+, otrzymujesz jedno z najbardziej zaawansowanych i kompleksowych narz\u0119dzi do zarz\u0105dzania zaszyfrowanymi \u015brodowiskami.<br \/>\nDESlock+ Enterprise Server jest w stanie zarz\u0105dza\u0107 u\u017cytkownikami i stacjami roboczymi zar\u00f3wno niezale\u017cnie, jak i w konfiguracjach wielostanowiskowych. Wst\u0119pne wdro\u017cenie, aktualizacje oraz bie\u017c\u0105cy status \u2013 wszystko to dost\u0119pne jest za po\u015brednictwem firmowej sieci LAN lub poprzez chmur\u0119, przez co implementacja rozwi\u0105zania na kolejnych urz\u0105dzeniach jest niezwykle prosta i szybka.<a href=\"https:\/\/makanet24.pl\/wp-content\/uploads\/2021\/04\/images-1.jpg\"><img loading=\"lazy\" class=\"alignnone size-medium wp-image-1946\" src=\"https:\/\/makanet24.pl\/wp-content\/uploads\/2021\/04\/images-1-medium.jpg\" alt=\"\" width=\"285\" height=\"177\" \/><\/a><\/p>\n<p><strong><span class=\"LightBox\">Wymagania systemowe<\/span><\/strong><\/p>\n<p><strong>System operacyjny:<\/strong>\u00a0Microsoft\u00ae Windows\u00ae 10, 8.1, 8, 7, Vista, XP SP 3<br \/>\n<strong>Procesor:<\/strong>\u00a0Intel\u00ae Pentium\u00ae 300MHz lub szybszy<br \/>\n<strong>Pami\u0119\u0107:<\/strong>\u00a0128MB of RAM lub wi\u0119cej Inne: wymagane po\u0142\u0105czenie z Internetem<\/p>\n<p><strong><span class=\"LightBox\">Algorytmy szyfrowania<\/span><\/strong><\/p>\n<p>\u279c\u00a0AES 256 bit AES 128 bit<br \/>\n\u279c\u00a0SHA 256 bit SHA1 160 bit<br \/>\n\u279c\u00a0RSA 1024 bit<br \/>\n\u279c\u00a0Triple DES 112 bit<br \/>\n\u279c\u00a0Blowfish 128 bit<\/p>\n<p><strong>Licencjonowanie<\/strong>:<\/p>\n<p>Licencja na wszystkie programy <strong>ESET Endpoint Encryption<\/strong> jest udzielana na czas okre\u015blony lub bezterminowy. Licencje terminowe s\u0105 udzielane na okres 1 roku, 2 lub 3 lat. Licencje bezterminowe s\u0105 udzielane na okres bezterminowy z rocznym serwisem.<\/p>\n<p>Ilo\u015b\u0107 wymaganych u klienta licencji programu <strong>ESET Endpoint Encryption<\/strong> obliczana jest na podstawie ilo\u015bci u\u017cytkownik\u00f3w korzystaj\u0105cych z okre\u015blonej wersji <strong>ESET Endpoint Encryption<\/strong> a nie ilo\u015bci stacji na kt\u00f3rych b\u0119dzie wykorzystywany program. Produkt licencjonowany jest per u\u017cytkownik, tzn. per osoba.<\/p>\n<p>&nbsp;<\/p>\n","protected":false},"excerpt":{"rendered":"<p>DESlock+ Pro kompleksowo chroni wszelkie dane firmowe, oferuj\u0105c mo\u017cliwo\u015b\u0107 pe\u0142nego szyfrowania dysk\u00f3w oraz no\u015bnik\u00f3w wymiennych. Dzi\u0119ki wykorzystaniu DESlock+ Enterprise Server, wymiana zaszyfrowanych plik\u00f3w, folder\u00f3w oraz wiadomo\u015bci email mi\u0119dzy pracownikami przebiega sprawnie i bezpiecznie &#8211; niezale\u017cnie od lokalizacji, w kt\u00f3rej si\u0119 znajduj\u0105.<\/p>\n","protected":false},"featured_media":1751,"comment_status":"open","ping_status":"closed","template":"","meta":[],"yoast_head":"<!-- This site is optimized with the Yoast SEO plugin v16.2 - https:\/\/yoast.com\/wordpress\/plugins\/seo\/ -->\n<title>ESET EE PRO od 5 u\u017cytkownik\u00f3w - Makanet24<\/title>\n<meta name=\"robots\" content=\"index, follow, max-snippet:-1, max-image-preview:large, max-video-preview:-1\" \/>\n<link rel=\"canonical\" href=\"https:\/\/makanet24.pl\/index.php\/produkt\/eee-pro-od-5-uzytkownikow\/\" \/>\n<meta property=\"og:locale\" content=\"pl_PL\" \/>\n<meta property=\"og:type\" content=\"article\" \/>\n<meta property=\"og:title\" content=\"ESET EE PRO od 5 u\u017cytkownik\u00f3w - Makanet24\" \/>\n<meta property=\"og:description\" content=\"DESlock+ Pro kompleksowo chroni wszelkie dane firmowe, oferuj\u0105c mo\u017cliwo\u015b\u0107 pe\u0142nego szyfrowania dysk\u00f3w oraz no\u015bnik\u00f3w wymiennych. Dzi\u0119ki wykorzystaniu DESlock+ Enterprise Server, wymiana zaszyfrowanych plik\u00f3w, folder\u00f3w oraz wiadomo\u015bci email mi\u0119dzy pracownikami przebiega sprawnie i bezpiecznie - niezale\u017cnie od lokalizacji, w kt\u00f3rej si\u0119 znajduj\u0105.\" \/>\n<meta property=\"og:url\" content=\"https:\/\/makanet24.pl\/index.php\/produkt\/eee-pro-od-5-uzytkownikow\/\" \/>\n<meta property=\"og:site_name\" content=\"Makanet24\" \/>\n<meta property=\"article:modified_time\" content=\"2021-05-02T11:02:25+00:00\" \/>\n<meta property=\"og:image\" content=\"https:\/\/makanet24.pl\/wp-content\/uploads\/2021\/04\/EEE_SEBT.png\" \/>\n\t<meta property=\"og:image:width\" content=\"375\" \/>\n\t<meta property=\"og:image:height\" content=\"375\" \/>\n<meta name=\"twitter:card\" content=\"summary_large_image\" \/>\n<meta name=\"twitter:label1\" content=\"Szacowany czas czytania\">\n\t<meta name=\"twitter:data1\" content=\"1 minuta\">\n<script type=\"application\/ld+json\" class=\"yoast-schema-graph\">{\"@context\":\"https:\/\/schema.org\",\"@graph\":[{\"@type\":\"WebSite\",\"@id\":\"https:\/\/makanet24.pl\/#website\",\"url\":\"https:\/\/makanet24.pl\/\",\"name\":\"Makanet24\",\"description\":\"Sklep internetowy z produktami IT\",\"potentialAction\":[{\"@type\":\"SearchAction\",\"target\":\"https:\/\/makanet24.pl\/?s={search_term_string}\",\"query-input\":\"required name=search_term_string\"}],\"inLanguage\":\"pl-PL\"},{\"@type\":\"ImageObject\",\"@id\":\"https:\/\/makanet24.pl\/index.php\/produkt\/eee-pro-od-5-uzytkownikow\/#primaryimage\",\"inLanguage\":\"pl-PL\",\"url\":\"https:\/\/makanet24.pl\/wp-content\/uploads\/2021\/04\/EEE_SEBT.png\",\"contentUrl\":\"https:\/\/makanet24.pl\/wp-content\/uploads\/2021\/04\/EEE_SEBT.png\",\"width\":375,\"height\":375},{\"@type\":\"WebPage\",\"@id\":\"https:\/\/makanet24.pl\/index.php\/produkt\/eee-pro-od-5-uzytkownikow\/#webpage\",\"url\":\"https:\/\/makanet24.pl\/index.php\/produkt\/eee-pro-od-5-uzytkownikow\/\",\"name\":\"ESET EE PRO od 5 u\\u017cytkownik\\u00f3w - Makanet24\",\"isPartOf\":{\"@id\":\"https:\/\/makanet24.pl\/#website\"},\"primaryImageOfPage\":{\"@id\":\"https:\/\/makanet24.pl\/index.php\/produkt\/eee-pro-od-5-uzytkownikow\/#primaryimage\"},\"datePublished\":\"2021-04-11T22:46:14+00:00\",\"dateModified\":\"2021-05-02T11:02:25+00:00\",\"breadcrumb\":{\"@id\":\"https:\/\/makanet24.pl\/index.php\/produkt\/eee-pro-od-5-uzytkownikow\/#breadcrumb\"},\"inLanguage\":\"pl-PL\",\"potentialAction\":[{\"@type\":\"ReadAction\",\"target\":[\"https:\/\/makanet24.pl\/index.php\/produkt\/eee-pro-od-5-uzytkownikow\/\"]}]},{\"@type\":\"BreadcrumbList\",\"@id\":\"https:\/\/makanet24.pl\/index.php\/produkt\/eee-pro-od-5-uzytkownikow\/#breadcrumb\",\"itemListElement\":[{\"@type\":\"ListItem\",\"position\":1,\"item\":{\"@type\":\"WebPage\",\"@id\":\"https:\/\/makanet24.pl\/\",\"url\":\"https:\/\/makanet24.pl\/\",\"name\":\"Strona g\\u0142\\u00f3wna\"}},{\"@type\":\"ListItem\",\"position\":2,\"item\":{\"@type\":\"WebPage\",\"@id\":\"https:\/\/makanet24.pl\/index.php\/sklep\/\",\"url\":\"https:\/\/makanet24.pl\/index.php\/sklep\/\",\"name\":\"Sklep\"}},{\"@type\":\"ListItem\",\"position\":3,\"item\":{\"@id\":\"https:\/\/makanet24.pl\/index.php\/produkt\/eee-pro-od-5-uzytkownikow\/#webpage\"}}]}]}<\/script>\n<!-- \/ Yoast SEO plugin. -->","_links":{"self":[{"href":"https:\/\/makanet24.pl\/index.php\/wp-json\/wp\/v2\/product\/1757"}],"collection":[{"href":"https:\/\/makanet24.pl\/index.php\/wp-json\/wp\/v2\/product"}],"about":[{"href":"https:\/\/makanet24.pl\/index.php\/wp-json\/wp\/v2\/types\/product"}],"replies":[{"embeddable":true,"href":"https:\/\/makanet24.pl\/index.php\/wp-json\/wp\/v2\/comments?post=1757"}],"wp:featuredmedia":[{"embeddable":true,"href":"https:\/\/makanet24.pl\/index.php\/wp-json\/wp\/v2\/media\/1751"}],"wp:attachment":[{"href":"https:\/\/makanet24.pl\/index.php\/wp-json\/wp\/v2\/media?parent=1757"}],"curies":[{"name":"wp","href":"https:\/\/api.w.org\/{rel}","templated":true}]}}