{"id":1663,"date":"2021-03-23T23:33:41","date_gmt":"2021-03-23T22:33:41","guid":{"rendered":"https:\/\/makanet24.pl\/?post_type=product&#038;p=1663"},"modified":"2021-05-13T12:26:26","modified_gmt":"2021-05-13T10:26:26","slug":"fortigate-50e","status":"publish","type":"product","link":"https:\/\/makanet24.pl\/index.php\/produkt\/fortigate-50e\/","title":{"rendered":"FortiGate-50E"},"content":{"rendered":"<p><strong>Fortigate FG-50E<\/strong> to platforma bezpiecze\u0144stwa, kt\u00f3ra jest wyposa\u017cona mi\u0119dzy innymi w takie funkcje jak: firewall, system antywirusowy, VPN, ochron\u0119 przed atakami IPS oraz spamem, filtracja tre\u015bci WWW, ochrona przed upublicznieniem informacji poufnych \u2013 DLP, kontrola aplikacji oraz sieci bezprzewodowych, uwierzytelnianie, a tak\u017ce optymalizowanie pasma.<\/p>\n<table class=\"forti-performance\">\n<tbody>\n<tr>\n<th>Firewall<\/th>\n<th>IPS<\/th>\n<th>NGFW<\/th>\n<th>Threat<\/th>\n<\/tr>\n<tr>\n<td>2.5 Gbps<\/td>\n<td>350 Mbps<\/td>\n<td>220 Mbps<\/td>\n<td>160 Mbps<\/td>\n<\/tr>\n<\/tbody>\n<\/table>\n<p>W modelach <strong>Fortigate-50E<\/strong> znajdziemy przede wszystkim kompatybilne uk\u0142ady sprz\u0119towe, kt\u00f3re pozwalaj\u0105 na usprawnienie procesu filtrowania tre\u015bci, a tak\u017ce obs\u0142ugi pojawiaj\u0105cego si\u0119 ruchu. Systemy te mog\u0105 by\u0107 u\u017cywane w dw\u00f3ch trybach: transparentnym jak i routera z NAT`Em.<\/p>\n<p>Zastosowane w tych platformach mechanizmy wirtualizacji sprawiaj\u0105, \u017ce w ramach jednego sprz\u0119tu mo\u017cemy realizowa\u0107 kilka system\u00f3w logicznych, w kt\u00f3rych ka\u017cdy posiada mo\u017cliwo\u015b\u0107 niezale\u017cnej konfiguracji. Dzi\u0119ki takiej integracji z domen\u0105 realizowany jest proces uwierzytelniania danych oraz kontrolowanie dost\u0119pu przez u\u017cytkownik\u00f3w sieci.<\/p>\n<p><strong>FortiGate-50E oraz FortiWifi-50E<\/strong> to bezpieczne rozwi\u0105zania, idealne dla ma\u0142ych firm, biur oraz niewielkich oddzia\u0142\u00f3w przedsi\u0119biorstw, kt\u00f3re wymagaj\u0105 komplementarnych system\u00f3w zapewniaj\u0105cych bezpiecze\u0144stwo sieci lokalnej. Modele te zapewniaj\u0105 u\u017cytkownikom wszystkie najwa\u017cniejsze funkcje bezpiecze\u0144stwa przy jednoczesnej wydajno\u015bci oraz stosownej, ekonomicznej cenie.<\/p>\n<h2>FortiGate-50E i FortiWifi-50E:<\/h2>\n<ul>\n<li>Przepustowo\u015b\u0107 firewalla do 2500Mbps, dzi\u0119ki czemu osi\u0105gniesz du\u017c\u0105 wydajno\u015b\u0107 oraz niewielki czas oczekiwania na odpowied\u017a sieci<\/li>\n<li>Przestrzeganie zasad bezpiecze\u0144stwa dedykowane urz\u0105dzeniom ko\u0144cowym, dzi\u0119ki zastosowaniu 2xWAN oraz 5 prze\u0142\u0105czanych port\u00f3w LAN GE<\/li>\n<li>Zapor\u0119 UTM, kt\u00f3ra zawiera takie funkcje jak: firewall, kontrola aplikacji, fitrowanie sieci, VPN oraz IPS<\/li>\n<li>System FortiOS 5.4, kt\u00f3ry jest przeznaczony do zapewniania bezpiecze\u0144stwa sieci<\/li>\n<li>FortiASIC SOC2, procesor kt\u00f3ry jest najnowszym i niestandardowym sprz\u0119tem Fortinet<\/li>\n<li>Zmniejszenie koszt\u00f3w u\u017cytkowania, dzi\u0119ki niesko\u0144czonej liczbie licencji dost\u0119pnych dla jednego urz\u0105dzenia<\/li>\n<li>Prosty w obs\u0142udze system konfiguracji oraz wst\u0119pne wdro\u017cenie za pomoc\u0105 us\u0142ugi FortiExplorer<\/li>\n<li>Sta\u0142\u0105 i automatyczn\u0105 ochron\u0119 przed mo\u017cliwymi zagro\u017ceniami oraz exploitami, dzi\u0119ki FortiGuard Subscription Services<\/li>\n<\/ul>\n<h3>Najwa\u017cniejszymi cechami FortiGate- 50E oraz FortiWifi 50-E s\u0105:<\/h3>\n<ul>\n<li>Kompleksowy system zabezpiecze\u0144, kt\u00f3ry spe\u0142nia wszelkie wymagania bezpiecze\u0144stwa, pomijaj\u0105c przy tym z\u0142o\u017cone zarz\u0105dzanie oraz ogromn\u0105 liczb\u0119 system\u00f3w, oferuj\u0105c jedn\u0105 platform\u0119 zarz\u0105dzaj\u0105c\u0105<\/li>\n<li>Ochrona urz\u0105dze\u0144 mobilnych, dzi\u0119ki systemowi wczesnego wykrywania potencjalnych zagro\u017ce\u0144 poprzez skanowanie z poziomu pakiet\u00f3w<\/li>\n<li>Dzi\u0119ki FortiGuard zyskujesz mo\u017cliwo\u015b\u0107 bezpiecznego przegl\u0105dania Internetu \u2013 filtrowanie stron, usuwanie potencjalnych zagro\u017ce\u0144, kontrola Anti-virus oraz Anti-Spam<\/li>\n<li>FortiGate-50E oraz FortiWifi-50E zabezpieczaj\u0105 ruchy sieciowe, co zwi\u0119ksza ochron\u0119 przed potencjalnymi cyberatakami<\/li>\n<li>Pe\u0142na certyfikacja ICSA UTM<\/li>\n<li>Wbudowany IPsec pozwala na uzyskanie bezpiecznego \u0142\u0105cza z biurem<\/li>\n<li>FortiToken s\u0142u\u017c\u0105cy do dwu etapowej autentykacji<\/li>\n<li>FortiManager u\u0142atwiaj\u0105cy centralne zarz\u0105dzanie aktualizacjami oraz dost\u0119pnymi konfiguracjami<\/li>\n<li>FortiAnalyzer generuj\u0105cy automatycznie raporty, a tak\u017ce analizuj\u0105cy zdobyte z sieci dane<\/li>\n<li>Dost\u0119pny port USB pozwala na po\u0142\u0105czenie 3G\/4G, kt\u00f3re mo\u017cemy wykorzystywa\u0107 jako g\u0142\u00f3wne lub zapasowe \u0142\u0105cze<\/li>\n<li>Fortigate-50E posiada r\u00f3wnie\u017c autentykacje u\u017cytkownik\u00f3w, kt\u00f3rzy musz\u0105 posiada\u0107 unikalny login oraz has\u0142o<\/li>\n<li>Brak ukrytych koszt\u00f3w licencji, a tak\u017ce szybka instalacja dzi\u0119ki z\u0142\u0105cza USB<\/li>\n<\/ul>\n<p>&nbsp;<\/p>\n","protected":false},"excerpt":{"rendered":"<h6>Urz\u0105dzenie brzegowe serii FortiGate 50.Ta kombinacja zabezpiecze\u0144 stanowi idealn\u0105 platform\u0119 dla lokalizacji oddzia\u0142\u00f3w.<\/h6>\n<p><strong><a href=\"https:\/\/makanet24.pl\/wp-content\/uploads\/2021\/03\/FortiGate_FortiWiFi_50-ulotka.pdf\">FortiGate_FortiWiFi_50 ulotka<\/a><\/strong><\/p>\n","protected":false},"featured_media":1591,"comment_status":"open","ping_status":"closed","template":"","meta":[],"yoast_head":"<!-- This site is optimized with the Yoast SEO plugin v16.2 - https:\/\/yoast.com\/wordpress\/plugins\/seo\/ -->\n<title>FortiGate-50E - Makanet24<\/title>\n<meta name=\"robots\" content=\"index, follow, max-snippet:-1, max-image-preview:large, max-video-preview:-1\" \/>\n<link rel=\"canonical\" href=\"https:\/\/makanet24.pl\/index.php\/produkt\/fortigate-50e\/\" \/>\n<meta property=\"og:locale\" content=\"pl_PL\" \/>\n<meta property=\"og:type\" content=\"article\" \/>\n<meta property=\"og:title\" content=\"FortiGate-50E - Makanet24\" \/>\n<meta property=\"og:description\" content=\"Urz\u0105dzenie brzegowe serii FortiGate 50.Ta kombinacja zabezpiecze\u0144 stanowi idealn\u0105 platform\u0119 dla lokalizacji oddzia\u0142\u00f3w. FortiGate_FortiWiFi_50 ulotka\" \/>\n<meta property=\"og:url\" content=\"https:\/\/makanet24.pl\/index.php\/produkt\/fortigate-50e\/\" \/>\n<meta property=\"og:site_name\" content=\"Makanet24\" \/>\n<meta property=\"article:modified_time\" content=\"2021-05-13T10:26:26+00:00\" \/>\n<meta property=\"og:image\" content=\"https:\/\/makanet24.pl\/wp-content\/uploads\/2021\/03\/Fortigate-50E.png\" \/>\n\t<meta property=\"og:image:width\" content=\"375\" \/>\n\t<meta property=\"og:image:height\" content=\"375\" \/>\n<meta name=\"twitter:card\" content=\"summary_large_image\" \/>\n<meta name=\"twitter:label1\" content=\"Szacowany czas czytania\">\n\t<meta name=\"twitter:data1\" content=\"3 minuty\">\n<script type=\"application\/ld+json\" class=\"yoast-schema-graph\">{\"@context\":\"https:\/\/schema.org\",\"@graph\":[{\"@type\":\"WebSite\",\"@id\":\"https:\/\/makanet24.pl\/#website\",\"url\":\"https:\/\/makanet24.pl\/\",\"name\":\"Makanet24\",\"description\":\"Sklep internetowy z produktami IT\",\"potentialAction\":[{\"@type\":\"SearchAction\",\"target\":\"https:\/\/makanet24.pl\/?s={search_term_string}\",\"query-input\":\"required name=search_term_string\"}],\"inLanguage\":\"pl-PL\"},{\"@type\":\"ImageObject\",\"@id\":\"https:\/\/makanet24.pl\/index.php\/produkt\/fortigate-50e\/#primaryimage\",\"inLanguage\":\"pl-PL\",\"url\":\"https:\/\/makanet24.pl\/wp-content\/uploads\/2021\/03\/Fortigate-50E.png\",\"contentUrl\":\"https:\/\/makanet24.pl\/wp-content\/uploads\/2021\/03\/Fortigate-50E.png\",\"width\":375,\"height\":375},{\"@type\":\"WebPage\",\"@id\":\"https:\/\/makanet24.pl\/index.php\/produkt\/fortigate-50e\/#webpage\",\"url\":\"https:\/\/makanet24.pl\/index.php\/produkt\/fortigate-50e\/\",\"name\":\"FortiGate-50E - Makanet24\",\"isPartOf\":{\"@id\":\"https:\/\/makanet24.pl\/#website\"},\"primaryImageOfPage\":{\"@id\":\"https:\/\/makanet24.pl\/index.php\/produkt\/fortigate-50e\/#primaryimage\"},\"datePublished\":\"2021-03-23T22:33:41+00:00\",\"dateModified\":\"2021-05-13T10:26:26+00:00\",\"breadcrumb\":{\"@id\":\"https:\/\/makanet24.pl\/index.php\/produkt\/fortigate-50e\/#breadcrumb\"},\"inLanguage\":\"pl-PL\",\"potentialAction\":[{\"@type\":\"ReadAction\",\"target\":[\"https:\/\/makanet24.pl\/index.php\/produkt\/fortigate-50e\/\"]}]},{\"@type\":\"BreadcrumbList\",\"@id\":\"https:\/\/makanet24.pl\/index.php\/produkt\/fortigate-50e\/#breadcrumb\",\"itemListElement\":[{\"@type\":\"ListItem\",\"position\":1,\"item\":{\"@type\":\"WebPage\",\"@id\":\"https:\/\/makanet24.pl\/\",\"url\":\"https:\/\/makanet24.pl\/\",\"name\":\"Strona g\\u0142\\u00f3wna\"}},{\"@type\":\"ListItem\",\"position\":2,\"item\":{\"@type\":\"WebPage\",\"@id\":\"https:\/\/makanet24.pl\/index.php\/sklep\/\",\"url\":\"https:\/\/makanet24.pl\/index.php\/sklep\/\",\"name\":\"Sklep\"}},{\"@type\":\"ListItem\",\"position\":3,\"item\":{\"@id\":\"https:\/\/makanet24.pl\/index.php\/produkt\/fortigate-50e\/#webpage\"}}]}]}<\/script>\n<!-- \/ Yoast SEO plugin. -->","_links":{"self":[{"href":"https:\/\/makanet24.pl\/index.php\/wp-json\/wp\/v2\/product\/1663"}],"collection":[{"href":"https:\/\/makanet24.pl\/index.php\/wp-json\/wp\/v2\/product"}],"about":[{"href":"https:\/\/makanet24.pl\/index.php\/wp-json\/wp\/v2\/types\/product"}],"replies":[{"embeddable":true,"href":"https:\/\/makanet24.pl\/index.php\/wp-json\/wp\/v2\/comments?post=1663"}],"wp:featuredmedia":[{"embeddable":true,"href":"https:\/\/makanet24.pl\/index.php\/wp-json\/wp\/v2\/media\/1591"}],"wp:attachment":[{"href":"https:\/\/makanet24.pl\/index.php\/wp-json\/wp\/v2\/media?parent=1663"}],"curies":[{"name":"wp","href":"https:\/\/api.w.org\/{rel}","templated":true}]}}